{"id":53,"date":"2014-05-12T21:21:14","date_gmt":"2014-05-12T19:21:14","guid":{"rendered":"http:\/\/www.kleinformat.info\/neu\/?page_id=53"},"modified":"2022-09-30T11:04:58","modified_gmt":"2022-09-30T09:04:58","slug":"drucke-9-x-13-cm","status":"publish","type":"page","link":"https:\/\/www.kleinformat.info\/?page_id=53","title":{"rendered":"Drucke 9 x 13 cm"},"content":{"rendered":"<p>Die Drucke sind einseitig auf 250 g-Bilderdruck-Papier gedruckt.<br \/>\nPreis: 3,00 Euro ungerahmt &#8211; mit Rahmen (rot, blau) 8,50 Euro (zzgl. 3,00 Euro, mit Rahmen 5,00 Euro Versandkosten pro Bestellung). <a title=\"KONTAKT &amp; BESTELLUNG\" href=\"http:\/\/www.kleinformat.info\/neu\/?page_id=124\" target=\"_blank\" rel=\"noopener\">Bestellen &#8230;<\/a><\/p>\n\n\t\t<style type=\"text\/css\">\n\t\t\t#gallery-1 {\n\t\t\t\tmargin: auto;\n\t\t\t}\n\t\t\t#gallery-1 .gallery-item {\n\t\t\t\tfloat: left;\n\t\t\t\tmargin-top: 10px;\n\t\t\t\ttext-align: center;\n\t\t\t\twidth: 50%;\n\t\t\t}\n\t\t\t#gallery-1 img {\n\t\t\t\tborder: 2px solid #cfcfcf;\n\t\t\t}\n\t\t\t#gallery-1 .gallery-caption {\n\t\t\t\tmargin-left: 0;\n\t\t\t}\n\t\t\t\/* see gallery_shortcode() in wp-includes\/media.php *\/\n\t\t<\/style>\n\t\t<div id='gallery-1' class='gallery galleryid-53 gallery-columns-2 gallery-size-thumbnail'><dl class='gallery-item'>\n\t\t\t<dt class='gallery-icon landscape'>\n\t\t\t\t<a href='https:\/\/www.kleinformat.info\/neu\/wp-content\/uploads\/2018\/11\/kister_ballonbruecke_pass.png'><img loading=\"lazy\" decoding=\"async\" width=\"150\" height=\"150\" src=\"https:\/\/www.kleinformat.info\/neu\/wp-content\/uploads\/2018\/11\/kister_ballonbruecke_pass-150x150.png\" class=\"attachment-thumbnail size-thumbnail\" alt=\"\" aria-describedby=\"gallery-1-734\" srcset=\"https:\/\/www.kleinformat.info\/neu\/wp-content\/uploads\/2018\/11\/kister_ballonbruecke_pass-150x150.png 150w, https:\/\/www.kleinformat.info\/neu\/wp-content\/uploads\/2018\/11\/kister_ballonbruecke_pass-210x210.png 210w\" sizes=\"auto, (max-width: 150px) 100vw, 150px\" data-copyright=\"\" data-headline=\"Ballonbr\u00fccke\" data-description=\"\" \/><\/a>\n\t\t\t<\/dt>\n\t\t\t\t<dd class='wp-caption-text gallery-caption' id='gallery-1-734'>\n\t\t\t\tBallonbr\u00fccke\n\t\t\t\t<\/dd><\/dl><dl class='gallery-item'>\n\t\t\t<dt class='gallery-icon landscape'>\n\t\t\t\t<a href='https:\/\/www.kleinformat.info\/neu\/wp-content\/uploads\/2018\/11\/kister_winterbruecke_pass.png'><img loading=\"lazy\" decoding=\"async\" width=\"150\" height=\"150\" src=\"https:\/\/www.kleinformat.info\/neu\/wp-content\/uploads\/2018\/11\/kister_winterbruecke_pass-150x150.png\" class=\"attachment-thumbnail size-thumbnail\" alt=\"\" aria-describedby=\"gallery-1-735\" srcset=\"https:\/\/www.kleinformat.info\/neu\/wp-content\/uploads\/2018\/11\/kister_winterbruecke_pass-150x150.png 150w, https:\/\/www.kleinformat.info\/neu\/wp-content\/uploads\/2018\/11\/kister_winterbruecke_pass-210x210.png 210w\" sizes=\"auto, (max-width: 150px) 100vw, 150px\" data-copyright=\"\" data-headline=\"Winterbr\u00fccke\" data-description=\"\" \/><\/a>\n\t\t\t<\/dt>\n\t\t\t\t<dd class='wp-caption-text gallery-caption' id='gallery-1-735'>\n\t\t\t\tWinterbr\u00fccke\n\t\t\t\t<\/dd><\/dl><br style=\"clear: both\" \/><dl class='gallery-item'>\n\t\t\t<dt class='gallery-icon landscape'>\n\t\t\t\t<a href='https:\/\/www.kleinformat.info\/neu\/wp-content\/uploads\/2014\/05\/kister_bruecke_nacht_pass.jpg'><img loading=\"lazy\" decoding=\"async\" width=\"150\" height=\"150\" src=\"https:\/\/www.kleinformat.info\/neu\/wp-content\/uploads\/2014\/05\/kister_bruecke_nacht_pass-150x150.jpg\" class=\"attachment-thumbnail size-thumbnail\" alt=\"\" aria-describedby=\"gallery-1-160\" srcset=\"https:\/\/www.kleinformat.info\/neu\/wp-content\/uploads\/2014\/05\/kister_bruecke_nacht_pass-150x150.jpg 150w, https:\/\/www.kleinformat.info\/neu\/wp-content\/uploads\/2014\/05\/kister_bruecke_nacht_pass-210x210.jpg 210w\" sizes=\"auto, (max-width: 150px) 100vw, 150px\" data-copyright=\"\" data-headline=\"Kr\u00e4merbr\u00fccke bei Nacht\" data-description=\"\" \/><\/a>\n\t\t\t<\/dt>\n\t\t\t\t<dd class='wp-caption-text gallery-caption' id='gallery-1-160'>\n\t\t\t\tKr\u00e4merbr\u00fccke bei Nacht\n\t\t\t\t<\/dd><\/dl><dl class='gallery-item'>\n\t\t\t<dt class='gallery-icon landscape'>\n\t\t\t\t<a href='https:\/\/www.kleinformat.info\/neu\/wp-content\/uploads\/2016\/10\/kister_bruecke_schirme_pass.png'><img loading=\"lazy\" decoding=\"async\" width=\"150\" height=\"150\" src=\"https:\/\/www.kleinformat.info\/neu\/wp-content\/uploads\/2016\/10\/kister_bruecke_schirme_pass-150x150.png\" class=\"attachment-thumbnail size-thumbnail\" alt=\"\" aria-describedby=\"gallery-1-451\" srcset=\"https:\/\/www.kleinformat.info\/neu\/wp-content\/uploads\/2016\/10\/kister_bruecke_schirme_pass-150x150.png 150w, https:\/\/www.kleinformat.info\/neu\/wp-content\/uploads\/2016\/10\/kister_bruecke_schirme_pass-210x210.png 210w\" sizes=\"auto, (max-width: 150px) 100vw, 150px\" data-copyright=\"\" data-headline=\"Kr\u00e4merbr\u00fccke mit Schirmen\" data-description=\"\" \/><\/a>\n\t\t\t<\/dt>\n\t\t\t\t<dd class='wp-caption-text gallery-caption' id='gallery-1-451'>\n\t\t\t\tKr\u00e4merbr\u00fccke mit Schirmen\n\t\t\t\t<\/dd><\/dl><br style=\"clear: both\" \/><dl class='gallery-item'>\n\t\t\t<dt class='gallery-icon landscape'>\n\t\t\t\t<a href='https:\/\/www.kleinformat.info\/neu\/wp-content\/uploads\/2014\/05\/kister_bruecke_fruehling_pass.jpg'><img loading=\"lazy\" decoding=\"async\" width=\"150\" height=\"150\" src=\"https:\/\/www.kleinformat.info\/neu\/wp-content\/uploads\/2014\/05\/kister_bruecke_fruehling_pass-150x150.jpg\" class=\"attachment-thumbnail size-thumbnail\" alt=\"\" aria-describedby=\"gallery-1-159\" srcset=\"https:\/\/www.kleinformat.info\/neu\/wp-content\/uploads\/2014\/05\/kister_bruecke_fruehling_pass-150x150.jpg 150w, https:\/\/www.kleinformat.info\/neu\/wp-content\/uploads\/2014\/05\/kister_bruecke_fruehling_pass-210x210.jpg 210w\" sizes=\"auto, (max-width: 150px) 100vw, 150px\" data-copyright=\"\" data-headline=\"Kr\u00e4merbr\u00fccke im Fr\u00fchling\" data-description=\"\" \/><\/a>\n\t\t\t<\/dt>\n\t\t\t\t<dd class='wp-caption-text gallery-caption' id='gallery-1-159'>\n\t\t\t\tKr\u00e4merbr\u00fccke im Fr\u00fchling\n\t\t\t\t<\/dd><\/dl><dl class='gallery-item'>\n\t\t\t<dt class='gallery-icon portrait'>\n\t\t\t\t<a href='https:\/\/www.kleinformat.info\/neu\/wp-content\/uploads\/2014\/05\/kister_bruecke_fische_pass.jpg'><img loading=\"lazy\" decoding=\"async\" width=\"150\" height=\"150\" src=\"https:\/\/www.kleinformat.info\/neu\/wp-content\/uploads\/2014\/05\/kister_bruecke_fische_pass-150x150.jpg\" class=\"attachment-thumbnail size-thumbnail\" alt=\"\" aria-describedby=\"gallery-1-158\" srcset=\"https:\/\/www.kleinformat.info\/neu\/wp-content\/uploads\/2014\/05\/kister_bruecke_fische_pass-150x150.jpg 150w, https:\/\/www.kleinformat.info\/neu\/wp-content\/uploads\/2014\/05\/kister_bruecke_fische_pass-210x210.jpg 210w\" sizes=\"auto, (max-width: 150px) 100vw, 150px\" data-copyright=\"\" data-headline=\"Kr\u00e4merbr\u00fccke mit Fischen\" data-description=\"\" \/><\/a>\n\t\t\t<\/dt>\n\t\t\t\t<dd class='wp-caption-text gallery-caption' id='gallery-1-158'>\n\t\t\t\tKr\u00e4merbr\u00fccke mit Fischen\n\t\t\t\t<\/dd><\/dl><br style=\"clear: both\" \/><dl class='gallery-item'>\n\t\t\t<dt class='gallery-icon landscape'>\n\t\t\t\t<a href='https:\/\/www.kleinformat.info\/neu\/wp-content\/uploads\/2016\/10\/kister_bruecke_herbst_pass.png'><img loading=\"lazy\" decoding=\"async\" width=\"150\" height=\"150\" src=\"https:\/\/www.kleinformat.info\/neu\/wp-content\/uploads\/2016\/10\/kister_bruecke_herbst_pass-150x150.png\" class=\"attachment-thumbnail size-thumbnail\" alt=\"\" aria-describedby=\"gallery-1-448\" srcset=\"https:\/\/www.kleinformat.info\/neu\/wp-content\/uploads\/2016\/10\/kister_bruecke_herbst_pass-150x150.png 150w, https:\/\/www.kleinformat.info\/neu\/wp-content\/uploads\/2016\/10\/kister_bruecke_herbst_pass-210x210.png 210w\" sizes=\"auto, (max-width: 150px) 100vw, 150px\" data-copyright=\"\" data-headline=\"Kr\u00e4merbr\u00fccke im Herbst\" data-description=\"\" \/><\/a>\n\t\t\t<\/dt>\n\t\t\t\t<dd class='wp-caption-text gallery-caption' id='gallery-1-448'>\n\t\t\t\tKr\u00e4merbr\u00fccke im Herbst\n\t\t\t\t<\/dd><\/dl><dl class='gallery-item'>\n\t\t\t<dt class='gallery-icon landscape'>\n\t\t\t\t<a href='https:\/\/www.kleinformat.info\/neu\/wp-content\/uploads\/2014\/05\/kister_bruecke_tag_pass1.jpg'><img loading=\"lazy\" decoding=\"async\" width=\"150\" height=\"150\" src=\"https:\/\/www.kleinformat.info\/neu\/wp-content\/uploads\/2014\/05\/kister_bruecke_tag_pass1-150x150.jpg\" class=\"attachment-thumbnail size-thumbnail\" alt=\"\" aria-describedby=\"gallery-1-162\" srcset=\"https:\/\/www.kleinformat.info\/neu\/wp-content\/uploads\/2014\/05\/kister_bruecke_tag_pass1-150x150.jpg 150w, https:\/\/www.kleinformat.info\/neu\/wp-content\/uploads\/2014\/05\/kister_bruecke_tag_pass1-210x210.jpg 210w\" sizes=\"auto, (max-width: 150px) 100vw, 150px\" data-copyright=\"\" data-headline=\"Kr\u00e4merbr\u00fccke bei Tag\" data-description=\"\" \/><\/a>\n\t\t\t<\/dt>\n\t\t\t\t<dd class='wp-caption-text gallery-caption' id='gallery-1-162'>\n\t\t\t\tKr\u00e4merbr\u00fccke bei Tag\n\t\t\t\t<\/dd><\/dl><br style=\"clear: both\" \/><dl class='gallery-item'>\n\t\t\t<dt class='gallery-icon landscape'>\n\t\t\t\t<a href='https:\/\/www.kleinformat.info\/neu\/wp-content\/uploads\/2014\/05\/kister_brueckenkater_pass.jpg'><img loading=\"lazy\" decoding=\"async\" width=\"150\" height=\"150\" src=\"https:\/\/www.kleinformat.info\/neu\/wp-content\/uploads\/2014\/05\/kister_brueckenkater_pass-150x150.jpg\" class=\"attachment-thumbnail size-thumbnail\" alt=\"\" aria-describedby=\"gallery-1-163\" srcset=\"https:\/\/www.kleinformat.info\/neu\/wp-content\/uploads\/2014\/05\/kister_brueckenkater_pass-150x150.jpg 150w, https:\/\/www.kleinformat.info\/neu\/wp-content\/uploads\/2014\/05\/kister_brueckenkater_pass-210x210.jpg 210w\" sizes=\"auto, (max-width: 150px) 100vw, 150px\" data-copyright=\"\" data-headline=\"Br\u00fcckenkater \" data-description=\"\" \/><\/a>\n\t\t\t<\/dt>\n\t\t\t\t<dd class='wp-caption-text gallery-caption' id='gallery-1-163'>\n\t\t\t\tBr\u00fcckenkater \n\t\t\t\t<\/dd><\/dl><dl class='gallery-item'>\n\t\t\t<dt class='gallery-icon portrait'>\n\t\t\t\t<a href='https:\/\/www.kleinformat.info\/neu\/wp-content\/uploads\/2016\/10\/kister_eule_pass.png'><img loading=\"lazy\" decoding=\"async\" width=\"150\" height=\"150\" src=\"https:\/\/www.kleinformat.info\/neu\/wp-content\/uploads\/2016\/10\/kister_eule_pass-150x150.png\" class=\"attachment-thumbnail size-thumbnail\" alt=\"\" aria-describedby=\"gallery-1-449\" srcset=\"https:\/\/www.kleinformat.info\/neu\/wp-content\/uploads\/2016\/10\/kister_eule_pass-150x150.png 150w, https:\/\/www.kleinformat.info\/neu\/wp-content\/uploads\/2016\/10\/kister_eule_pass-210x210.png 210w\" sizes=\"auto, (max-width: 150px) 100vw, 150px\" data-copyright=\"\" data-headline=\"Eule\" data-description=\"\" \/><\/a>\n\t\t\t<\/dt>\n\t\t\t\t<dd class='wp-caption-text gallery-caption' id='gallery-1-449'>\n\t\t\t\tEule\n\t\t\t\t<\/dd><\/dl><br style=\"clear: both\" \/><dl class='gallery-item'>\n\t\t\t<dt class='gallery-icon portrait'>\n\t\t\t\t<a href='https:\/\/www.kleinformat.info\/neu\/wp-content\/uploads\/2016\/10\/kister_storch_pass.png'><img loading=\"lazy\" decoding=\"async\" width=\"150\" height=\"150\" src=\"https:\/\/www.kleinformat.info\/neu\/wp-content\/uploads\/2016\/10\/kister_storch_pass-150x150.png\" class=\"attachment-thumbnail size-thumbnail\" alt=\"\" aria-describedby=\"gallery-1-461\" srcset=\"https:\/\/www.kleinformat.info\/neu\/wp-content\/uploads\/2016\/10\/kister_storch_pass-150x150.png 150w, https:\/\/www.kleinformat.info\/neu\/wp-content\/uploads\/2016\/10\/kister_storch_pass-210x210.png 210w\" sizes=\"auto, (max-width: 150px) 100vw, 150px\" data-copyright=\"\" data-headline=\"Storch\" data-description=\"\" \/><\/a>\n\t\t\t<\/dt>\n\t\t\t\t<dd class='wp-caption-text gallery-caption' id='gallery-1-461'>\n\t\t\t\tStorch\n\t\t\t\t<\/dd><\/dl><dl class='gallery-item'>\n\t\t\t<dt class='gallery-icon landscape'>\n\t\t\t\t<a href='https:\/\/www.kleinformat.info\/neu\/wp-content\/uploads\/2016\/10\/kister_igelapfel_pass.png'><img loading=\"lazy\" decoding=\"async\" width=\"150\" height=\"150\" src=\"https:\/\/www.kleinformat.info\/neu\/wp-content\/uploads\/2016\/10\/kister_igelapfel_pass-150x150.png\" class=\"attachment-thumbnail size-thumbnail\" alt=\"\" aria-describedby=\"gallery-1-450\" srcset=\"https:\/\/www.kleinformat.info\/neu\/wp-content\/uploads\/2016\/10\/kister_igelapfel_pass-150x150.png 150w, https:\/\/www.kleinformat.info\/neu\/wp-content\/uploads\/2016\/10\/kister_igelapfel_pass-210x210.png 210w\" sizes=\"auto, (max-width: 150px) 100vw, 150px\" data-copyright=\"\" data-headline=\"Igel\" data-description=\"\" \/><\/a>\n\t\t\t<\/dt>\n\t\t\t\t<dd class='wp-caption-text gallery-caption' id='gallery-1-450'>\n\t\t\t\tIgel\n\t\t\t\t<\/dd><\/dl><br style=\"clear: both\" \/><dl class='gallery-item'>\n\t\t\t<dt class='gallery-icon landscape'>\n\t\t\t\t<a href='https:\/\/www.kleinformat.info\/neu\/wp-content\/uploads\/2014\/05\/kister_schlafschaf_pass.jpg'><img loading=\"lazy\" decoding=\"async\" width=\"150\" height=\"150\" src=\"https:\/\/www.kleinformat.info\/neu\/wp-content\/uploads\/2014\/05\/kister_schlafschaf_pass-150x150.jpg\" class=\"attachment-thumbnail size-thumbnail\" alt=\"\" aria-describedby=\"gallery-1-169\" srcset=\"https:\/\/www.kleinformat.info\/neu\/wp-content\/uploads\/2014\/05\/kister_schlafschaf_pass-150x150.jpg 150w, https:\/\/www.kleinformat.info\/neu\/wp-content\/uploads\/2014\/05\/kister_schlafschaf_pass-210x210.jpg 210w\" sizes=\"auto, (max-width: 150px) 100vw, 150px\" data-copyright=\"\" data-headline=\"Schlafschaf \" data-description=\"\" \/><\/a>\n\t\t\t<\/dt>\n\t\t\t\t<dd class='wp-caption-text gallery-caption' id='gallery-1-169'>\n\t\t\t\tSchlafschaf \n\t\t\t\t<\/dd><\/dl><dl class='gallery-item'>\n\t\t\t<dt class='gallery-icon landscape'>\n\t\t\t\t<a href='https:\/\/www.kleinformat.info\/neu\/wp-content\/uploads\/2014\/05\/kister_traumzug_pass.jpg'><img loading=\"lazy\" decoding=\"async\" width=\"150\" height=\"150\" src=\"https:\/\/www.kleinformat.info\/neu\/wp-content\/uploads\/2014\/05\/kister_traumzug_pass-150x150.jpg\" class=\"attachment-thumbnail size-thumbnail\" alt=\"\" aria-describedby=\"gallery-1-171\" srcset=\"https:\/\/www.kleinformat.info\/neu\/wp-content\/uploads\/2014\/05\/kister_traumzug_pass-150x150.jpg 150w, https:\/\/www.kleinformat.info\/neu\/wp-content\/uploads\/2014\/05\/kister_traumzug_pass-210x210.jpg 210w\" sizes=\"auto, (max-width: 150px) 100vw, 150px\" data-copyright=\"\" data-headline=\"Traumzug \" data-description=\"\" \/><\/a>\n\t\t\t<\/dt>\n\t\t\t\t<dd class='wp-caption-text gallery-caption' id='gallery-1-171'>\n\t\t\t\tTraumzug \n\t\t\t\t<\/dd><\/dl><br style=\"clear: both\" \/><dl class='gallery-item'>\n\t\t\t<dt class='gallery-icon portrait'>\n\t\t\t\t<a href='https:\/\/www.kleinformat.info\/neu\/wp-content\/uploads\/2014\/05\/kister_mond_pass.jpg'><img loading=\"lazy\" decoding=\"async\" width=\"150\" height=\"150\" src=\"https:\/\/www.kleinformat.info\/neu\/wp-content\/uploads\/2014\/05\/kister_mond_pass-150x150.jpg\" class=\"attachment-thumbnail size-thumbnail\" alt=\"\" aria-describedby=\"gallery-1-166\" srcset=\"https:\/\/www.kleinformat.info\/neu\/wp-content\/uploads\/2014\/05\/kister_mond_pass-150x150.jpg 150w, https:\/\/www.kleinformat.info\/neu\/wp-content\/uploads\/2014\/05\/kister_mond_pass-210x210.jpg 210w\" sizes=\"auto, (max-width: 150px) 100vw, 150px\" data-copyright=\"\" data-headline=\"Mond \" data-description=\"\" \/><\/a>\n\t\t\t<\/dt>\n\t\t\t\t<dd class='wp-caption-text gallery-caption' id='gallery-1-166'>\n\t\t\t\tMond \n\t\t\t\t<\/dd><\/dl><dl class='gallery-item'>\n\t\t\t<dt class='gallery-icon portrait'>\n\t\t\t\t<a href='https:\/\/www.kleinformat.info\/neu\/wp-content\/uploads\/2014\/05\/kister_schaf_pass.jpg'><img loading=\"lazy\" decoding=\"async\" width=\"150\" height=\"150\" src=\"https:\/\/www.kleinformat.info\/neu\/wp-content\/uploads\/2014\/05\/kister_schaf_pass-150x150.jpg\" class=\"attachment-thumbnail size-thumbnail\" alt=\"\" aria-describedby=\"gallery-1-168\" srcset=\"https:\/\/www.kleinformat.info\/neu\/wp-content\/uploads\/2014\/05\/kister_schaf_pass-150x150.jpg 150w, https:\/\/www.kleinformat.info\/neu\/wp-content\/uploads\/2014\/05\/kister_schaf_pass-210x210.jpg 210w\" sizes=\"auto, (max-width: 150px) 100vw, 150px\" data-copyright=\"\" data-headline=\"Schaf \" data-description=\"\" \/><\/a>\n\t\t\t<\/dt>\n\t\t\t\t<dd class='wp-caption-text gallery-caption' id='gallery-1-168'>\n\t\t\t\tSchaf \n\t\t\t\t<\/dd><\/dl><br style=\"clear: both\" \/><dl class='gallery-item'>\n\t\t\t<dt class='gallery-icon landscape'>\n\t\t\t\t<a href='https:\/\/www.kleinformat.info\/neu\/wp-content\/uploads\/2014\/05\/kister_apfelbaum_pass.jpg'><img loading=\"lazy\" decoding=\"async\" width=\"150\" height=\"150\" src=\"https:\/\/www.kleinformat.info\/neu\/wp-content\/uploads\/2014\/05\/kister_apfelbaum_pass-150x150.jpg\" class=\"attachment-thumbnail size-thumbnail\" alt=\"\" aria-describedby=\"gallery-1-155\" srcset=\"https:\/\/www.kleinformat.info\/neu\/wp-content\/uploads\/2014\/05\/kister_apfelbaum_pass-150x150.jpg 150w, https:\/\/www.kleinformat.info\/neu\/wp-content\/uploads\/2014\/05\/kister_apfelbaum_pass-210x210.jpg 210w\" sizes=\"auto, (max-width: 150px) 100vw, 150px\" data-copyright=\"\" data-headline=\"Apfelbaum\" data-description=\"\" \/><\/a>\n\t\t\t<\/dt>\n\t\t\t\t<dd class='wp-caption-text gallery-caption' id='gallery-1-155'>\n\t\t\t\tApfelbaum\n\t\t\t\t<\/dd><\/dl><dl class='gallery-item'>\n\t\t\t<dt class='gallery-icon landscape'>\n\t\t\t\t<a href='https:\/\/www.kleinformat.info\/neu\/wp-content\/uploads\/2014\/05\/kister_schwein_pass.jpg'><img loading=\"lazy\" decoding=\"async\" width=\"150\" height=\"150\" src=\"https:\/\/www.kleinformat.info\/neu\/wp-content\/uploads\/2014\/05\/kister_schwein_pass-150x150.jpg\" class=\"attachment-thumbnail size-thumbnail\" alt=\"\" aria-describedby=\"gallery-1-170\" srcset=\"https:\/\/www.kleinformat.info\/neu\/wp-content\/uploads\/2014\/05\/kister_schwein_pass-150x150.jpg 150w, https:\/\/www.kleinformat.info\/neu\/wp-content\/uploads\/2014\/05\/kister_schwein_pass-210x210.jpg 210w\" sizes=\"auto, (max-width: 150px) 100vw, 150px\" data-copyright=\"\" data-headline=\"Schwein \" data-description=\"\" \/><\/a>\n\t\t\t<\/dt>\n\t\t\t\t<dd class='wp-caption-text gallery-caption' id='gallery-1-170'>\n\t\t\t\tSchwein \n\t\t\t\t<\/dd><\/dl><br style=\"clear: both\" \/><dl class='gallery-item'>\n\t\t\t<dt class='gallery-icon portrait'>\n\t\t\t\t<a href='https:\/\/www.kleinformat.info\/neu\/wp-content\/uploads\/2014\/05\/kister_birken_pass.jpg'><img loading=\"lazy\" decoding=\"async\" width=\"150\" height=\"150\" src=\"https:\/\/www.kleinformat.info\/neu\/wp-content\/uploads\/2014\/05\/kister_birken_pass-150x150.jpg\" class=\"attachment-thumbnail size-thumbnail\" alt=\"\" aria-describedby=\"gallery-1-157\" srcset=\"https:\/\/www.kleinformat.info\/neu\/wp-content\/uploads\/2014\/05\/kister_birken_pass-150x150.jpg 150w, https:\/\/www.kleinformat.info\/neu\/wp-content\/uploads\/2014\/05\/kister_birken_pass-210x210.jpg 210w\" sizes=\"auto, (max-width: 150px) 100vw, 150px\" data-copyright=\"\" data-headline=\"Birke \" data-description=\"\" \/><\/a>\n\t\t\t<\/dt>\n\t\t\t\t<dd class='wp-caption-text gallery-caption' id='gallery-1-157'>\n\t\t\t\tBirke \n\t\t\t\t<\/dd><\/dl><dl class='gallery-item'>\n\t\t\t<dt class='gallery-icon portrait'>\n\t\t\t\t<a href='https:\/\/www.kleinformat.info\/neu\/wp-content\/uploads\/2014\/05\/kister_baumhaus_pass.jpg'><img loading=\"lazy\" decoding=\"async\" width=\"150\" height=\"150\" src=\"https:\/\/www.kleinformat.info\/neu\/wp-content\/uploads\/2014\/05\/kister_baumhaus_pass-150x150.jpg\" class=\"attachment-thumbnail size-thumbnail\" alt=\"\" aria-describedby=\"gallery-1-156\" srcset=\"https:\/\/www.kleinformat.info\/neu\/wp-content\/uploads\/2014\/05\/kister_baumhaus_pass-150x150.jpg 150w, https:\/\/www.kleinformat.info\/neu\/wp-content\/uploads\/2014\/05\/kister_baumhaus_pass-210x210.jpg 210w\" sizes=\"auto, (max-width: 150px) 100vw, 150px\" data-copyright=\"\" data-headline=\"Baumhaus\" data-description=\"\" \/><\/a>\n\t\t\t<\/dt>\n\t\t\t\t<dd class='wp-caption-text gallery-caption' id='gallery-1-156'>\n\t\t\t\tBaumhaus\n\t\t\t\t<\/dd><\/dl><br style=\"clear: both\" \/><dl class='gallery-item'>\n\t\t\t<dt class='gallery-icon portrait'>\n\t\t\t\t<a href='https:\/\/www.kleinformat.info\/neu\/wp-content\/uploads\/2014\/05\/kister_zauberstadt_pass.jpg'><img loading=\"lazy\" decoding=\"async\" width=\"150\" height=\"150\" src=\"https:\/\/www.kleinformat.info\/neu\/wp-content\/uploads\/2014\/05\/kister_zauberstadt_pass-150x150.jpg\" class=\"attachment-thumbnail size-thumbnail\" alt=\"\" aria-describedby=\"gallery-1-172\" srcset=\"https:\/\/www.kleinformat.info\/neu\/wp-content\/uploads\/2014\/05\/kister_zauberstadt_pass-150x150.jpg 150w, https:\/\/www.kleinformat.info\/neu\/wp-content\/uploads\/2014\/05\/kister_zauberstadt_pass-210x210.jpg 210w\" sizes=\"auto, (max-width: 150px) 100vw, 150px\" data-copyright=\"\" data-headline=\"Zauberstadt \" data-description=\"\" \/><\/a>\n\t\t\t<\/dt>\n\t\t\t\t<dd class='wp-caption-text gallery-caption' id='gallery-1-172'>\n\t\t\t\tZauberstadt \n\t\t\t\t<\/dd><\/dl>\n\t\t\t<br style='clear: both' \/>\n\t\t<\/div>\n\n<p>&nbsp;<\/p>\n","protected":false},"excerpt":{"rendered":"<p>Die Drucke sind einseitig auf 250 g-Bilderdruck-Papier gedruckt. Preis: 3,00 Euro ungerahmt &#8211; mit Rahmen (rot, blau) 8,50 Euro (zzgl. 3,00 Euro, mit Rahmen 5,00 Euro Versandkosten pro Bestellung). Bestellen &#8230; &nbsp;<\/p>\n","protected":false},"author":1,"featured_media":0,"parent":62,"menu_order":0,"comment_status":"closed","ping_status":"closed","template":"","meta":{"ngg_post_thumbnail":0,"footnotes":""},"class_list":["post-53","page","type-page","status-publish","hentry"],"_links":{"self":[{"href":"https:\/\/www.kleinformat.info\/index.php?rest_route=\/wp\/v2\/pages\/53","targetHints":{"allow":["GET"]}}],"collection":[{"href":"https:\/\/www.kleinformat.info\/index.php?rest_route=\/wp\/v2\/pages"}],"about":[{"href":"https:\/\/www.kleinformat.info\/index.php?rest_route=\/wp\/v2\/types\/page"}],"author":[{"embeddable":true,"href":"https:\/\/www.kleinformat.info\/index.php?rest_route=\/wp\/v2\/users\/1"}],"replies":[{"embeddable":true,"href":"https:\/\/www.kleinformat.info\/index.php?rest_route=%2Fwp%2Fv2%2Fcomments&post=53"}],"version-history":[{"count":19,"href":"https:\/\/www.kleinformat.info\/index.php?rest_route=\/wp\/v2\/pages\/53\/revisions"}],"predecessor-version":[{"id":858,"href":"https:\/\/www.kleinformat.info\/index.php?rest_route=\/wp\/v2\/pages\/53\/revisions\/858"}],"up":[{"embeddable":true,"href":"https:\/\/www.kleinformat.info\/index.php?rest_route=\/wp\/v2\/pages\/62"}],"wp:attachment":[{"href":"https:\/\/www.kleinformat.info\/index.php?rest_route=%2Fwp%2Fv2%2Fmedia&parent=53"}],"curies":[{"name":"wp","href":"https:\/\/api.w.org\/{rel}","templated":true}]}}