{"id":74,"date":"2014-05-12T21:37:54","date_gmt":"2014-05-12T19:37:54","guid":{"rendered":"http:\/\/www.kleinformat.info\/neu\/?page_id=74"},"modified":"2018-02-21T23:20:49","modified_gmt":"2018-02-21T21:20:49","slug":"magnetbuttons-32-x-32-cm","status":"publish","type":"page","link":"http:\/\/www.kleinformat.info\/?page_id=74","title":{"rendered":"Magnetbuttons \u00d8 3,2 cm"},"content":{"rendered":"<p>Die schicken runden Magnetbuttons versch\u00f6nern Ihren K\u00fchlschrank und fixieren Ihre Notizen.<br \/>\nPreis: 2,50 Euro, zzgl. 3,00 Euro Versandkosten. <a title=\"KONTAKT &amp; BESTELLUNG\" href=\"http:\/\/www.kleinformat.info\/neu\/?page_id=124\" target=\"_blank\" rel=\"noopener\">Bestellen &#8230;<\/a><\/p>\n\n\t\t<style type=\"text\/css\">\n\t\t\t#gallery-1 {\n\t\t\t\tmargin: auto;\n\t\t\t}\n\t\t\t#gallery-1 .gallery-item {\n\t\t\t\tfloat: left;\n\t\t\t\tmargin-top: 10px;\n\t\t\t\ttext-align: center;\n\t\t\t\twidth: 33%;\n\t\t\t}\n\t\t\t#gallery-1 img {\n\t\t\t\tborder: 2px solid #cfcfcf;\n\t\t\t}\n\t\t\t#gallery-1 .gallery-caption {\n\t\t\t\tmargin-left: 0;\n\t\t\t}\n\t\t\t\/* see gallery_shortcode() in wp-includes\/media.php *\/\n\t\t<\/style>\n\t\t<div id='gallery-1' class='gallery galleryid-74 gallery-columns-3 gallery-size-thumbnail'><dl class='gallery-item'>\n\t\t\t<dt class='gallery-icon landscape'>\n\t\t\t\t<a href='http:\/\/www.kleinformat.info\/neu\/wp-content\/uploads\/2014\/05\/kister_biene_button_rund.jpg'><img loading=\"lazy\" decoding=\"async\" width=\"116\" height=\"116\" src=\"http:\/\/www.kleinformat.info\/neu\/wp-content\/uploads\/2014\/05\/kister_biene_button_rund.jpg\" class=\"attachment-thumbnail size-thumbnail\" alt=\"\" aria-describedby=\"gallery-1-191\" data-copyright=\"\" data-headline=\"Biene\" data-description=\"\" \/><\/a>\n\t\t\t<\/dt>\n\t\t\t\t<dd class='wp-caption-text gallery-caption' id='gallery-1-191'>\n\t\t\t\tBiene\n\t\t\t\t<\/dd><\/dl><dl class='gallery-item'>\n\t\t\t<dt class='gallery-icon landscape'>\n\t\t\t\t<a href='http:\/\/www.kleinformat.info\/neu\/wp-content\/uploads\/2014\/05\/kister_blumen_button_rund.jpg'><img loading=\"lazy\" decoding=\"async\" width=\"116\" height=\"116\" src=\"http:\/\/www.kleinformat.info\/neu\/wp-content\/uploads\/2014\/05\/kister_blumen_button_rund.jpg\" class=\"attachment-thumbnail size-thumbnail\" alt=\"\" aria-describedby=\"gallery-1-192\" data-copyright=\"\" data-headline=\"Blumen\" data-description=\"\" \/><\/a>\n\t\t\t<\/dt>\n\t\t\t\t<dd class='wp-caption-text gallery-caption' id='gallery-1-192'>\n\t\t\t\tBlumen\n\t\t\t\t<\/dd><\/dl><dl class='gallery-item'>\n\t\t\t<dt class='gallery-icon landscape'>\n\t\t\t\t<a href='http:\/\/www.kleinformat.info\/neu\/wp-content\/uploads\/2014\/05\/kister_bruecke_nacht_button_rund.jpg'><img loading=\"lazy\" decoding=\"async\" width=\"116\" height=\"116\" src=\"http:\/\/www.kleinformat.info\/neu\/wp-content\/uploads\/2014\/05\/kister_bruecke_nacht_button_rund.jpg\" class=\"attachment-thumbnail size-thumbnail\" alt=\"\" aria-describedby=\"gallery-1-196\" data-copyright=\"\" data-headline=\"Kr\u00e4merbr\u00fccke bei Nacht\" data-description=\"\" \/><\/a>\n\t\t\t<\/dt>\n\t\t\t\t<dd class='wp-caption-text gallery-caption' id='gallery-1-196'>\n\t\t\t\tKr\u00e4merbr\u00fccke bei Nacht\n\t\t\t\t<\/dd><\/dl><br style=\"clear: both\" \/><dl class='gallery-item'>\n\t\t\t<dt class='gallery-icon landscape'>\n\t\t\t\t<a href='http:\/\/www.kleinformat.info\/neu\/wp-content\/uploads\/2014\/05\/kister_bruecke_tag_button_rund.jpg'><img loading=\"lazy\" decoding=\"async\" width=\"116\" height=\"116\" src=\"http:\/\/www.kleinformat.info\/neu\/wp-content\/uploads\/2014\/05\/kister_bruecke_tag_button_rund.jpg\" class=\"attachment-thumbnail size-thumbnail\" alt=\"\" aria-describedby=\"gallery-1-199\" data-copyright=\"\" data-headline=\"Kr\u00e4merbr\u00fccke bei Tag\" data-description=\"\" \/><\/a>\n\t\t\t<\/dt>\n\t\t\t\t<dd class='wp-caption-text gallery-caption' id='gallery-1-199'>\n\t\t\t\tKr\u00e4merbr\u00fccke bei Tag\n\t\t\t\t<\/dd><\/dl><dl class='gallery-item'>\n\t\t\t<dt class='gallery-icon landscape'>\n\t\t\t\t<a href='http:\/\/www.kleinformat.info\/neu\/wp-content\/uploads\/2014\/05\/kister_eule_button_rund.jpg'><img loading=\"lazy\" decoding=\"async\" width=\"116\" height=\"116\" src=\"http:\/\/www.kleinformat.info\/neu\/wp-content\/uploads\/2014\/05\/kister_eule_button_rund.jpg\" class=\"attachment-thumbnail size-thumbnail\" alt=\"\" aria-describedby=\"gallery-1-205\" data-copyright=\"\" data-headline=\"Eule\" data-description=\"\" \/><\/a>\n\t\t\t<\/dt>\n\t\t\t\t<dd class='wp-caption-text gallery-caption' id='gallery-1-205'>\n\t\t\t\tEule\n\t\t\t\t<\/dd><\/dl><dl class='gallery-item'>\n\t\t\t<dt class='gallery-icon landscape'>\n\t\t\t\t<a href='http:\/\/www.kleinformat.info\/neu\/wp-content\/uploads\/2014\/05\/kister_mohndorf_button_rund.jpg'><img loading=\"lazy\" decoding=\"async\" width=\"116\" height=\"116\" src=\"http:\/\/www.kleinformat.info\/neu\/wp-content\/uploads\/2014\/05\/kister_mohndorf_button_rund.jpg\" class=\"attachment-thumbnail size-thumbnail\" alt=\"\" aria-describedby=\"gallery-1-213\" data-copyright=\"\" data-headline=\"Mohndorf\" data-description=\"\" \/><\/a>\n\t\t\t<\/dt>\n\t\t\t\t<dd class='wp-caption-text gallery-caption' id='gallery-1-213'>\n\t\t\t\tMohndorf\n\t\t\t\t<\/dd><\/dl><br style=\"clear: both\" \/><dl class='gallery-item'>\n\t\t\t<dt class='gallery-icon landscape'>\n\t\t\t\t<a href='http:\/\/www.kleinformat.info\/neu\/wp-content\/uploads\/2014\/05\/kister_brueckenkater_button_rund.jpg'><img loading=\"lazy\" decoding=\"async\" width=\"116\" height=\"116\" src=\"http:\/\/www.kleinformat.info\/neu\/wp-content\/uploads\/2014\/05\/kister_brueckenkater_button_rund.jpg\" class=\"attachment-thumbnail size-thumbnail\" alt=\"\" aria-describedby=\"gallery-1-203\" data-copyright=\"\" data-headline=\"Siesta\" data-description=\"\" \/><\/a>\n\t\t\t<\/dt>\n\t\t\t\t<dd class='wp-caption-text gallery-caption' id='gallery-1-203'>\n\t\t\t\tSiesta\n\t\t\t\t<\/dd><\/dl><dl class='gallery-item'>\n\t\t\t<dt class='gallery-icon landscape'>\n\t\t\t\t<a href='http:\/\/www.kleinformat.info\/neu\/wp-content\/uploads\/2014\/05\/kister_seepferd_button_rund.jpg'><img loading=\"lazy\" decoding=\"async\" width=\"116\" height=\"116\" src=\"http:\/\/www.kleinformat.info\/neu\/wp-content\/uploads\/2014\/05\/kister_seepferd_button_rund.jpg\" class=\"attachment-thumbnail size-thumbnail\" alt=\"\" aria-describedby=\"gallery-1-223\" data-copyright=\"\" data-headline=\"Seepferd\" data-description=\"\" \/><\/a>\n\t\t\t<\/dt>\n\t\t\t\t<dd class='wp-caption-text gallery-caption' id='gallery-1-223'>\n\t\t\t\tSeepferd\n\t\t\t\t<\/dd><\/dl><dl class='gallery-item'>\n\t\t\t<dt class='gallery-icon landscape'>\n\t\t\t\t<a href='http:\/\/www.kleinformat.info\/neu\/wp-content\/uploads\/2014\/05\/kister_schaf_button_rund.jpg'><img loading=\"lazy\" decoding=\"async\" width=\"116\" height=\"116\" src=\"http:\/\/www.kleinformat.info\/neu\/wp-content\/uploads\/2014\/05\/kister_schaf_button_rund.jpg\" class=\"attachment-thumbnail size-thumbnail\" alt=\"\" aria-describedby=\"gallery-1-219\" data-copyright=\"\" data-headline=\"Schaf\" data-description=\"\" \/><\/a>\n\t\t\t<\/dt>\n\t\t\t\t<dd class='wp-caption-text gallery-caption' id='gallery-1-219'>\n\t\t\t\tSchaf\n\t\t\t\t<\/dd><\/dl><br style=\"clear: both\" \/><dl class='gallery-item'>\n\t\t\t<dt class='gallery-icon landscape'>\n\t\t\t\t<a href='http:\/\/www.kleinformat.info\/neu\/wp-content\/uploads\/2014\/05\/kister_schwein_button_rund.jpg'><img loading=\"lazy\" decoding=\"async\" width=\"116\" height=\"116\" src=\"http:\/\/www.kleinformat.info\/neu\/wp-content\/uploads\/2014\/05\/kister_schwein_button_rund.jpg\" class=\"attachment-thumbnail size-thumbnail\" alt=\"\" aria-describedby=\"gallery-1-222\" data-copyright=\"\" data-headline=\"Schwein\" data-description=\"\" \/><\/a>\n\t\t\t<\/dt>\n\t\t\t\t<dd class='wp-caption-text gallery-caption' id='gallery-1-222'>\n\t\t\t\tSchwein\n\t\t\t\t<\/dd><\/dl>\n\t\t\t<br style='clear: both' \/>\n\t\t<\/div>\n\n","protected":false},"excerpt":{"rendered":"<p>Die schicken runden Magnetbuttons versch\u00f6nern Ihren K\u00fchlschrank und fixieren Ihre Notizen. Preis: 2,50 Euro, zzgl. 3,00 Euro Versandkosten. Bestellen &#8230;<\/p>\n","protected":false},"author":1,"featured_media":0,"parent":70,"menu_order":0,"comment_status":"closed","ping_status":"closed","template":"","meta":{"ngg_post_thumbnail":0,"footnotes":""},"class_list":["post-74","page","type-page","status-publish","hentry"],"_links":{"self":[{"href":"http:\/\/www.kleinformat.info\/index.php?rest_route=\/wp\/v2\/pages\/74","targetHints":{"allow":["GET"]}}],"collection":[{"href":"http:\/\/www.kleinformat.info\/index.php?rest_route=\/wp\/v2\/pages"}],"about":[{"href":"http:\/\/www.kleinformat.info\/index.php?rest_route=\/wp\/v2\/types\/page"}],"author":[{"embeddable":true,"href":"http:\/\/www.kleinformat.info\/index.php?rest_route=\/wp\/v2\/users\/1"}],"replies":[{"embeddable":true,"href":"http:\/\/www.kleinformat.info\/index.php?rest_route=%2Fwp%2Fv2%2Fcomments&post=74"}],"version-history":[{"count":9,"href":"http:\/\/www.kleinformat.info\/index.php?rest_route=\/wp\/v2\/pages\/74\/revisions"}],"predecessor-version":[{"id":274,"href":"http:\/\/www.kleinformat.info\/index.php?rest_route=\/wp\/v2\/pages\/74\/revisions\/274"}],"up":[{"embeddable":true,"href":"http:\/\/www.kleinformat.info\/index.php?rest_route=\/wp\/v2\/pages\/70"}],"wp:attachment":[{"href":"http:\/\/www.kleinformat.info\/index.php?rest_route=%2Fwp%2Fv2%2Fmedia&parent=74"}],"curies":[{"name":"wp","href":"https:\/\/api.w.org\/{rel}","templated":true}]}}