{"id":124,"date":"2014-05-13T00:17:18","date_gmt":"2014-05-12T22:17:18","guid":{"rendered":"http:\/\/www.kleinformat.info\/neu\/?page_id=124"},"modified":"2025-09-03T21:28:58","modified_gmt":"2025-09-03T19:28:58","slug":"kontakt","status":"publish","type":"page","link":"http:\/\/www.kleinformat.info\/?page_id=124","title":{"rendered":"KONTAKT &#038; BESTELLUNG"},"content":{"rendered":"<p>Um die kleinformat-Produkte zu bestellen, schreiben Sie bitte eine E-Mail mit Ihrer Bestellung oder rufen Sie an. Wir senden Ihnen dann die Bestellung mit Rechnung zu.<\/p>\n<p>Sie k\u00f6nnen gerne auch direkt den Laden auf der Kr\u00e4merbr\u00fccke in Erfurt besuchen.<\/p>\n<p>kleinformat &#8211; beate kister<br \/>\nKr\u00e4merbr\u00fccke 25<br \/>\nD &#8211; 99084 Erfurt<\/p>\n<p>Tel. <a href=\"http:\/\/Tel:+493612115966\">0361 5627126<\/a><br \/>\nE-Mail: <a href=\"mailto:kontakt@kleinformat.info\" target=\"_blank\" rel=\"noopener\">kontakt@kleinformat.info<\/a><\/p>\n<p><strong>\u00d6ffnungszeiten Laden:<\/strong><br \/>\nMontag &#8211; Samstag: 12 bis 18 Uhr<br \/>\n(Winter\u00f6ffnungszeit Januar &#8211; April: 12 bis 16 Uhr)<\/p>\n<p><iframe loading=\"lazy\" style=\"border: 1px solid black;\" src=\"http:\/\/www.openstreetmap.org\/export\/embed.html?bbox=11.029404401779175%2C50.97814722597801%2C11.032596230506897%2C50.97931583577015&amp;layer=mapnik&amp;marker=50.97873153455051%2C11.031000316143036\" width=\"310\" height=\"200\" frameborder=\"0\" marginwidth=\"0\" marginheight=\"0\" scrolling=\"no\"><\/iframe><br \/>\n<small><a href=\"http:\/\/www.openstreetmap.org\/?mlat=50.97873&amp;mlon=11.03100#map=19\/50.97873\/11.03100\" target=\"_blank\" rel=\"noopener\">Gr\u00f6\u00dfere Karte anzeigen<\/a><\/small><\/p>\n<p><em>Datenschutz: Die von Ihnen \u00fcbermittelten pers\u00f6nlichen Daten werden auf elektronischen Datentr\u00e4gern gespeichert. Die Daten werden nicht an Dritte weitergegeben und entsprechend unserer <a href=\"http:\/\/www.kleinformat.info\/?page_id=681\" rel=\"noopener\">Datenschutzerkl\u00e4rung<\/a> verarbeitet.<\/em><\/p>\n","protected":false},"excerpt":{"rendered":"<p>Um die kleinformat-Produkte zu bestellen, schreiben Sie bitte eine E-Mail mit Ihrer Bestellung oder rufen Sie an. Wir senden Ihnen dann die Bestellung mit Rechnung zu. Sie k\u00f6nnen gerne auch direkt den Laden auf der Kr\u00e4merbr\u00fccke in Erfurt besuchen. kleinformat &hellip; <a class=\"readmore\" href=\"http:\/\/www.kleinformat.info\/?page_id=124\">Weiterlesen &rarr;<\/a><\/p>\n","protected":false},"author":1,"featured_media":0,"parent":0,"menu_order":7,"comment_status":"closed","ping_status":"closed","template":"","meta":{"ngg_post_thumbnail":0,"footnotes":""},"class_list":["post-124","page","type-page","status-publish","hentry"],"_links":{"self":[{"href":"http:\/\/www.kleinformat.info\/index.php?rest_route=\/wp\/v2\/pages\/124","targetHints":{"allow":["GET"]}}],"collection":[{"href":"http:\/\/www.kleinformat.info\/index.php?rest_route=\/wp\/v2\/pages"}],"about":[{"href":"http:\/\/www.kleinformat.info\/index.php?rest_route=\/wp\/v2\/types\/page"}],"author":[{"embeddable":true,"href":"http:\/\/www.kleinformat.info\/index.php?rest_route=\/wp\/v2\/users\/1"}],"replies":[{"embeddable":true,"href":"http:\/\/www.kleinformat.info\/index.php?rest_route=%2Fwp%2Fv2%2Fcomments&post=124"}],"version-history":[{"count":28,"href":"http:\/\/www.kleinformat.info\/index.php?rest_route=\/wp\/v2\/pages\/124\/revisions"}],"predecessor-version":[{"id":951,"href":"http:\/\/www.kleinformat.info\/index.php?rest_route=\/wp\/v2\/pages\/124\/revisions\/951"}],"wp:attachment":[{"href":"http:\/\/www.kleinformat.info\/index.php?rest_route=%2Fwp%2Fv2%2Fmedia&parent=124"}],"curies":[{"name":"wp","href":"https:\/\/api.w.org\/{rel}","templated":true}]}}